01. Give j(47).
40
Let f(r) = r**2 + 30*r - 965. Give f(-49).
-34
Let d(y) = -2*y**2 + 20*y - 56. Determine d(4).
-8
Let k(v) = 4*v + 156. What is k(0)?
156
Let z(g) = g**3 + 7*g**2 + 5*g - 10. Calculate z(-3).
11
Let m(o) = 446*o - 450. Give m(1).
-4
Let s(v) = -6*v**2 + 161*v - 120. Determine s(26).
10
Let c(r) = -16*r - 231. Give c(-12).
-39
Let i(n) = n**3 + 20*n**2 - 30*n - 85. Determine i(-21).
104
Let c(n) = 3*n - 185. Determine c(18).
-131
Let g(h) = 1245*h + 14983. What is g(-12)?
43
Let q(n) = 31*n**2 + 374*n - 12. Determine q(-12).
-36
Let m(y) = -y**3 - 8*y**2 + 12*y + 89. Determine m(-5).
-46
Let y(h) = h**3 - 10*h**2 - 18*h + 25. Calculate y(11).
-52
Let z(i) = -150*i + 1506. Give z(10).
6
Let h(f) = -2*f - 173. Calculate h(-72).
-29
Let b(c) = -3*c**2 + 63*c + 337. Calculate b(-5).
-53
Let v(t) = 9*t**2 - 30*t + 18. What is v(4)?
42
Let a(f) = -5*f**2 + 176*f - 129. Determine a(34).
75
Let s(b) = 5*b - 46. Give s(8).
-6
Let d(t) = -36*t**3 + t**2 + 5*t - 6. Determine d(2).
-280
Let v(m) = m**3 - 47*m**2 + 339*m + 29. Determine v(9).
2
Let j(r) = -r**3 - 29*r**2 + 315*r + 9967. What is j(-27)?
4
Let y(z) = 2*z**2 + 12434*z + 37301. Calculate y(-3).
17
Let u(w) = 2*w**2 + 1111*w - 6718. What is u(6)?
20
Let h(u) = -u**2 + 16*u + 530. Calculate h(33).
-31
Let d(j) = 3*j**2 + 51*j - 613. Calculate d(8).
-13
Let b(u) = -108*u - 2802. Calculate b(-26).
6
Let q(u) = -12*u**2 + 430*u + 68. What is q(36)?
-4
Let l(f) = 266*f + 2387. Determine l(-9).
-7
Let i(n) = -2*n**3 - 5*n**2 - 40*n + 108. Calculate i(4).
-260
Let d(b) = 8*b**3 - 4*b**2 + 3*b + 6. Determine d(-1).
-9
Let b(v) = -6*v**2 + 31*v + 21. What is b(6)?
-9
Let s(z) = -2*z**3 - 53*z**2 - 16*z + 45. What is s(-26)?
-215
Let d(c) = -5*c**3 - 24*c**2 - 11*c + 9. Give d(-4).
-11
Let k(d) = -6*d**2 - 24*d + 357. Give k(-10).
-3
Let i(r) = -5*r - 45. Determine i(11).
-100
Let x(k) = 43*k**2 - 451*k - 118. What is x(11)?
124
Let x(f) = -f**2 + 308*f - 19621. Determine x(218).
-1
Let t(l) = 19*l + 72. Give t(11).
281
Let v(j) = -2*j**3 - 43*j**2 - 97*j - 13. Determine v(-19).
25
Let v(w) = -462*w + 3542. Give v(7).
308
Let f(i) = 186*i**2 - 1857*i - 23. Determine f(10).
7
Let h(w) = -w**3 - 51*w**2 - 5*w - 221. Calculate h(-51).
34
Let v(q) = -10*q - 73. What is v(-11)?
37
Let r(c) = c**3 - 23*c**2 + 178*c - 866. Give r(15).
4
Let d(r) = 806*r + 18530. Give d(-23).
-8
Let t(q) = 909*q + 26357. What is t(-29)?
-4
Let a(v) = -3*v + 192. What is a(56)?
24
Let d(m) = 2*m**2 + 1090*m - 6615. What is d(6)?
-3
Let c(u) = u**2 + 5*u + 15. Calculate c(-3).
9
Let v(d) = d**3 - 25*d**2 + 120*d + 7. Give v(17).
-265
Let g(s) = s**3 + 6*s**2 - 3*s + 25. Determine g(0).
25
Let n(h) = -h**3 + 10*h**2 + 36*h + 50. What is n(-4)?
130
Let n(r) = 10*r + 110. Give n(-23).
-120
Let a(y) = y**3 - 96*y**2 + 277*y + 231. Calculate a(93).
45
Let x(a) = a**3 - 45*a**2 - 96*a + 221. Determine x(47).
127
Let s(n) = -560*n - 1195. Give s(-4).
1045
Let q(l) = -102*l - 551. Determine q(-5).
-41
Let c(k) = -9*k**2 + 77*k + 265. What is c(11)?
23
Let o(x) = x**2 - 32*x + 267. Give o(16).
11
Let n(q) = -2*q - 113. Calculate n(-32).
-49
Let h(k) = k**2 - 41*k + 275. Calculate h(21).
-145
Let j(f) = -284*f + 14426. Give j(51).
-58
Let y(a) = -2*a - 72. What is y(103)?
-278
Let p(i) = -9*i - 67. Calculate p(-8).
5
Let z(f) = -f**3 - 61*f**2 - 239*f - 610. What is z(-57)?
17
Let x(m) = 398*m + 4776. What is x(-12)?
0
Let r(j) = 460*j - 4580. What is r(10)?
20
Let b(n) = -n**2 - 93*n - 702. Give b(-9).
54
Let t(j) = -704*j + 73213. Determine t(104).
-3
Let v(r) = r**3 - 566*r**2 - 4592*r + 1. Give v(-8).
1
Let j(v) = -v**3 - 6*v**2 + 111*v - 17. Calculate j(-14).
-3
Let p(b) = -b**2 - 18*b + 193. Give p(8).
-15
Let l(o) = 13*o**2 + 112*o + 71. Calculate l(-8).
7
Let m(s) = 2*s**3 - 103*s**2 - 51*s + 23. Determine m(52).
75
Let n(m) = -351*m + 7021. What is n(20)?
1
Let t(m) = -m**3 + 53*m**2 - 75*m - 1389. Determine t(51).
-12
Let n(c) = 98*c**2 - 889*c + 61. Calculate n(9).
-2
Let q(h) = -133*h - 916. What is q(-7)?
15
Let c(q) = -2*q**3 + 10*q**2 + 30*q - 4. Determine c(7).
10
Let f(n) = -n**2 - 23*n + 344. Give f(-34).
-30
Let i(k) = k**2 - 10*k + 57. Give i(-14).
393
Let w(m) = 10*m - 94. Give w(11).
16
Let y(f) = f**3 + 102*f**2 + 140*f + 3923. Calculate y(-101).
-16
Let l(a) = a**3 + 28*a**2 + 51*a - 31. What is l(-26)?
-5
Let o(b) = -85*b - 357. Give o(-4).
-17
Let r(l) = 7206*l + 14386. Determine r(-2).
-26
Let z(q) = q**3 + 32*q**2 + 19. What is z(-32)?
19
Let j(t) = -7*t**2 - 62*t + 84. What is j(-10)?
4
Let f(q) = q**3 + 14*q**2 + 12*q + 210. What is f(-13)?
223
Let x(f) = -2*f**2 + 129*f + 1946. Give x(77).
21
Let a(z) = -z**2 - 33*z - 83. Calculate a(-19).
183
Let l(p) = p**3 - 28*p**2 - 30*p + 30. Give l(29).
1
Let w(y) = y**3 - 96*y**2 + 618*y + 445. What is w(89)?
0
Let g(x) = -453*x - 4494. Determine g(-10).
36
Let w(u) = -604*u - 4829. Determine w(-8).
3
Let z(q) = 2*q**2 - 29*q - 9. What is z(16)?
39
Let l(c) = -1674*c - 41853. What is l(-25)?
-3
Let s(x) = x**2 - 8*x - 220. What is s(23)?
125
Let f(b) = 45*b + 1254. Calculate f(-28).
-6
Let o(h) = -h**2 + 2*h - 21. What is o(7)?
-56
Let w(h) = h**3 - 45*h**2 + 70*h - 1144. Calculate w(44).
0
Let c(a) = -83*a + 337. What is c(6)?
-161
Let g(t) = -t**2 - 260*t + 20. What is g(0)?
20
Let j(q) = -8*q - 151. Give j(8).
-215
Let f(i) = 81*i - 20. What is f(-3)?
-263
Let r(a) = -5*a**2 + 74*a - 21. Determine r(12).
147
Let d(f) = -2*f**2 + 1064*f - 6321. Determine d(6).
-9
Let z(t) = 3*t**2 - 17*t - 180. Determine z(-6).
30
Let r(t) = -t**2 + 5*t + 419. What is r(23)?
5
Let y(d) = 22*d**3 + 43*d**2 - 52*d + 9. Calculate y(1).
22
Let p(k) = -13*k**2 + 14*k - 183. Calculate p(0).
-183
Let l(q) = 2*q**2 + 54*q + 228. Calculate l(-5).
8
Let m(l) = 5*l**2 - 3*l + 4. Calculate m(0).
4
Let q(z) = -z**3 + 106*z**2 + 436*z + 446. What is q(110)?
6
Let n(k) = 16*k + 19. Determine n(-7).
-93
Let i(y) = y**3 + 13*y**2 - 306*y - 4048. Determine i(-17).
-2
Let o(z) = -z**2 - 132*z + 837. Determine o(6).
9
Let n(j) = 20*j**2 + 27*j - 26. Determine n(1).
21
Let f(a) = 27*a**2 - 97*a - 98. What is f(-1)?
26
Let f(o) = -o**2 + 38*o + 135. Determine f(38).
135
Let q(d) = 3*d**3 + 17*d**2 + 3*d - 11. Give q(-5).
24
Let o(s) = -2*s + 79. Calculate o(43).
-7
Let r(m) = -m**3 - 4*m**2 + 34*m + 126. Give r(-5).
-19
Let j(i) = -2*i**3 - 2*i**2 + 4*i + 24. Calculate j(0).
24
Let w(h) = -3*h**2 + 595*h - 7241. Determine w(13).
-13
Let v(n) = -n**2 - 26*n + 121. What is v(-23)?
190
Let b(c) = -81*c - 46. Determine b(-1).
35
Let o(q) = -q**2 - 7*q + 1. Determine o(-5).
11
Let i(s) = 3*s**3 - 11*s**2 + 12*s - 168. Determine i(6).
156
Let d(g) = g**3 - 53*g**2 - 114*g + 296. Determine d(55).
76
Let g(n) = -9*n**3 + 17*n**2 + 16*n - 25. What is g(2)?
3
Let o(r) = r**3 + 9*r**2 - 30*r - 12. Give o(-10).
188
Let f(a) = -a**3 + 26*a**2 - 143*a - 26. What is f(8)?
-18
Let r(u) = 368*u + 3077. Calculate r(-8).
133
Let x(w) = -w**3 - 112*w**2 - 425*w - 10. Give x(-4).
-38
Let q(d) = -d**3 - 6*d**2 + 51*d + 71. Determine q(-11).
115
Let x(m) = m**3 + 39*m**2 + 41*m + 214. Determine x(-38).
100
Let o(l) = -l**3 - 39*l**2 + 71*l + 79. What is o(-41)?
530
Let p(m) = -m**3 - 22*m**2 - 73*m - 40. What is p(-19)?
264
Let y(r) = r**3 + 139*r**2 + 1529*r + 51. Determine y(-12).
-9
Let r(h) = h**2 + 102*h + 2586. What is r(-47)?
1
Let z(q) = 6*q**2 - 14*q - 38. Give z(-5).
182
Let l(f) = 46*f**3 - 2*f**2 - 11*f - 8. Determine l(-1).
-45
Let k(f) = 6*f**2 - 107*f + 209. Determine k(2).
19
Let l(f) = -68*f + 1221. Calculate l(18).
-3
Let m(q) = 6*q**3 - 83*q**2 + 7*q - 81. Give m(13).
-835
Let a(f) = 32*f. Give a(2).
64
Let c(z) = 193*z**2 - 587*z + 25. What is c(3)?
1
Let n(k) = 9*k - 127. Give n(13).
-10
Let z(f) = 2*f**3 - 22*f**2 + 21*f - 236. Determine z(12).
304
Let h(t) = -73*t + 1267. Calculate h(17).
26
Let x(z) = z**3 - 61*z**2 + 366*z - 11. Give x(7).
-95
Let y(h) = -h**3 - 11*h**2 - 6*h - 69. Give y(-11).
-3
Let u(m) = m**3 + 3*m**2 + 41*m + 354. Determine u(-6).
0
Let r(h) = 10*h**2 - 10*h - 25. Give r(-2).
35
Let c(n) = -3*n**2 + 12*n - 91. Determine c(0).
-91
Let f(q) = -2*q**2 + 50*q - 256. Calculate f(5).
-56
Let i(x) = -x**3 + 7*x**2 + 4*x + 28. Determine i(6).
88
Let n(u) = -u**3 + 15